3 + -19 - (-15 - (-30 - (-20 + 6)))?
113
-10 + (2 + (59 - 1) - (-309 - -319))
40
-7 - ((-238 - -221) + 0 + -1)
11
-33 + 6 + -33 + 221 + -117
44
What is -79 + (2 + -35 - 2)?
-114
Evaluate (-13 - 1 - -1 - (-557 - -554)) + 49.
39
Evaluate 25 - 103 - -146 - 156.
-88
What is -1 + 3 + 8 + -2 + (-26 - 13) + -6?
-37
Evaluate -42 - (0 + (-3 - -49)) - (-2 - 17).
-69
Calculate (-10 + (88 - 7) - 15) + -5.
51
(34 - -1) + (14 - 140) + 89
-2
What is (8 + 6 + -8 + -7 - 5) + 13 + -27?
-20
What is the value of (-14 + -4 - -7 - -25) + (11 - 28)?
-3
Evaluate 0 + 18 + -66 + -76 + 92.
-32
99 + -122 - (61 + -50)
-34
What is the value of 8 - -7 - ((-19 - (-12 - 9)) + -50)?
63
What is -31 + 1 - (20 - 17 - 21)?
-12
What is the value of 16 - (-15 + (99 + 11 - (-2 + 21)))?
-60
Evaluate (4 - (24 + 12)) + 2.
-30
(-1 + 1 - (0 + (3 - 8))) + -2 + 2
5
10 + (78 + -16 - 51)
21
What is the value of 37 - -1 - (352 + -363)?
49
Evaluate 22 + (82 - 7) + (-14 + 16 - -10).
109
Evaluate 46 + 7 + -9 - 18.
26
-5 + 6 - 38 - (-584 - -496)
51
Evaluate (-96 - (119 - 310)) + -112.
-17
What is -19 + 22 - -4 - 21?
-14
Evaluate 69 + -1 - (652 - 599).
15
What is (70191 - 70310) + (7 - -2) + -1 + (-2 - -4)?
-109
What is the value of (26 - (32 + -11)) + 5 + (-8 - -6) + 5?
13
Calculate 11 + 6 - 9 - (11 + -9 + 1) - 6.
-1
Evaluate (-171 - -141) + -2 + 2 + (-7 - 0).
-37
What is the value of -24 + -14 - (2 + -5)?
-35
What is -8 + 56 + (-1 - -13) + -3 + -6?
51
-4 - (1 + 8 + -3 - 6 - 1) - -60
57
What is the value of 65 + (2 + 9 - -3 - (216 + -201))?
64
55 + (38 - (0 + 90))
3
What is the value of 46 + -72 + (-197 - -107)?
-116
What is the value of -69 + 4 + 4 + 23 + -1 + (2 - 27)?
-64
What is (-31 - -3 - (3 + -20)) + (9 - -1)?
-1
What is (-44 + 45 - (5 - -1)) + -103 + 128?
20
What is 4 - ((-9 - (-21 + 15)) + -29 + -6)?
42
Calculate 1 + 55 - (8064 + -7998).
-10
Evaluate 27 + -89 + (-55 - -66).
-51
Calculate 4 + 156 + -54 + -95.
11
Calculate (-104 - 0) + 661 + -694.
-137
Calculate -1 + -3 + 0 - (4 + (-35 - (-28 + 3))).
2
1206 + -1229 - (-1 + 3)
-25
What is (3 - (1 + -106)) + 31 + 34 + -74?
99
What is 1 + 14 - (-9 + (1 - -6) + -9)?
26
Calculate -14 - (92 + -82 - (-4 + 0 + -25)).
-53
What is the value of -22 - (103 + (99 - 134))?
-90
What is the value of -282 + 265 + (3 - -3)?
-11
Evaluate 3 + (318 - 311 - ((0 - -2) + -1 - 2)).
11
-11 - -24 - (3 + 72 + (-1 - (10 + -9)))
-60
What is (-26 + 29 - (-34 - ((0 - 1) + -8))) + -14?
14
Calculate -43 + -4 - (28 - 6) - -19.
-50
Calculate -43 - (133 + -82 + -165).
71
What is the value of -22 - (3 - (1 - -6)) - (-102 - -113)?
-29
What is the value of (4 - 0) + 2 + 0 + 1 + (-1909 - -1935)?
33
-2 - 3 - 1 - (79 + 23 + -24) - -1
-83
-12 - (-18 + -2 + 16 + 13 + -1 + -17)
-3
64 - (13 - (13 + (0 + 9 - 22)))
51
Evaluate (16 - 14 - 35) + -12 + 4.
-41
(0 - -35) + -175 + 144 - (48 - (3 - 3))
-44
105 + (-119 - -55) + -53
-12
Evaluate -4 - (-2 + -1) - ((-46 - -86) + -50).
9
Calculate (-2 - (-4 - 3)) + (-398 - -387) - 4.
-10
What is the value of (-25 - 8) + (-31 + 25 - -25)?
-14
What is -55 + (67 - (-6 - -29))?
-11
83 - (118 - (-80 + 127))
12
Evaluate -54 - (-10 - (-5 + -7 + 23)).
-33
Evaluate (-114 - (0 - 8)) + 58.
-48
Calculate -115 + 140 + -7 + 33 + 14.
65
Evaluate (-30 - -4 - 51) + (10 - (3 - 7 - -5)).
-68
What is (15 - 70) + -107 + 216?
54
Evaluate 8 + 6 - (2 + -20 - (-54 + -21)).
-43
Calculate -47 + 19 + 39 + 12 + (0 - 3).
20
Evaluate (28 - 24) + 32 - 101.
-65
What is the value of (-36 - 41) + -20 - -28?
-69
What is the value of (541 - 538) + 26 + 3 + -4?
28
Evaluate 108 - (33 + (38 - -1)).
36
What is the value of 38 + (11 - 25 - 3) - 147?
-126
What is 0 - -14 - (22 + -49 + 80 - 134)?
95
What is the value of 25 + (-5 - (13 + 3)) - -4?
8
What is the value of (-48 - 1) + (10 - (52 + -53))?
-38
Calculate -7 + (-73 - -90) - 87.
-77
Calculate 5 + 9 + (-2 - -14 - (-20 + 31)) - -63.
78
Evaluate 73 + (9 - (-60 - -201)).
-59
(-642 - -694) + -1 + -22 - 105
-76
Evaluate -1 + (4 - (-4 + -5 + 17 + -10) - -51).
56
Calculate -1358 + 1340 + (-2 - -42).
22
Evaluate 2 - (-16 - -8) - -45.
55
Evaluate (-8 - (16 + -32 + 12)) + 13.
9
Calculate 26 + -1 + 2 + -61.
-34
Evaluate -93 - -59 - -32 - (0 + (3 - 1)).
-4
Calculate (9 + -8 - 50) + 8.
-41
What is (20 - (22 - 9) - 2) + -30?
-25
-55 + (2 + 2 - (-26 + 18 - 0))
-43
What is -100 + -927 + 943 + (0 - 7)?
-91
Calculate -56 - (-43 + (-9 - -8) + 22).
-34
What is 48 - (17 + -15 + (-52 - -20))?
78
Evaluate (15 - 4 - (-1 + 11)) + (-12 - 0 - 2).
-13
Calculate -110 + (173 - (12 + -58)).
109
What is the value of 15 + (1 - (6 - (-34 - -21)))?
-3
Evaluate 55 + 64 + -38 + -31.
50
Calculate -27 + (-4 - (3 - (105 + -7))).
64
Calculate 139 + -161 - ((-6 - -2) + 23).
-41
What is (2 - -4) + 3 - (37 - 26)?
-2
-7 + (9 - ((-12 - -15) + -10 - -7))
2
Evaluate -7064 + 7130 + 0 + -112.
-46
Calculate 165 - 166 - (15 + -2).
-14
-2 + 5 - (42 - (-47 - -10))
-76
-56 - ((-21 - 1) + (3 - -9) + -4)
-42
Calculate (-1 - (8 - -32) - -20) + (-1 - -93).
71
Calculate (45 + -51 - 4) + (0 - -31) + -8.
13
What is the value of 89 + (-1 - 17) + 6 + (-13 - -5)?
69
Evaluate 3 + -20 + (-25 - 15 - 10).
-67
9 - (0 + 7 + -5 + 5) - -14
16
What is -1 + 28 + (-5 - -4) + 10 + (-106 - -96)?
26
8 + (-7 - -2) + (8 - 5 - -64)
70
What is -31 - (15 - 56) - -19 - -13?
42
What is the value of (27 - -40) + -8 - 136?
-77
Calculate (-53 + 34 - 198 - -86) + (0 - 1 - -1).
-131
Calculate 13 - (-10 + -3 + 9 + 9) - (-24 - -131).
-99
Evaluate (-15 - 6) + (5 - -20 - -5).
9
What is the value of -48 - (-77 - (12 + 3))?
44
What is the value of -4 + 28 + (17 - 97 - -10)?
-46
What is -57 - ((38 - 73) + -3)?
-19
132 + -142 - (-3 + -39 + -1 + -1) - -5
39
Evaluate (-1984 - -1951) + 105 + 4.
76
What is -63 - 0 - (-9 + -21 - (0 + -36)) - 2?
-71
What is -20 - -13 - (142 + -85)?
-64
-23 - (-204 - (112 - 192))
101
(-3 - 0) + 69 + ((-9 - -14) + -17 - 4)
50
Evaluate -62 + (1 - 2 - 14 - (41 + 39 - 82)).
-75
Evaluate 2 + (69 - (10 - 7) - 25) + -1 + 10.
52
What is 18 + -88 - -52 - (-24 + -1)?
7
59 - (-94 + 197) - 47
-91
Calculate 5 - (-6 - -3) - (-17 + 24 - 8).
9
What is the value of -74 - -1 - (0 - 32 - (-476 - -448))?
-69
Evaluate 12 + -10 + (1170 - 1100).
72
Calculate (61 - (28 + 7)) + (-18 - -1) - (41 - 2).
-30
50 + 93 + -68 + (3 - 23)
55
Calculate (6 + -1 - (102 - 3 - (-13 - -22))) + 4.
-81
-1 - (-7 - (10 - 2 - 16 - -7)) - -13
18
40 - (-1108 - -1031 - (1 - 8))
110
Calculate -2842 - -3031 - (98 - 0).
91
Calculate 0 - -3 - (-26 - -30) - (81 - (57 - 43)).
-68
Evaluate 13 - ((46 + 27 - 22) + -13 + -1).
-24
What is (36 - (24 - 15)) + -33 - -102?
96
Calculate -20 + 20 + (12 - 2) - (8 + -5 + 59).
-52
531 + -429 - (3 + 26)
73
5 + 50 + 22 - 73
4
-8 - 0 - (-51 + (32 - -1) + -22)
32
What is the value of -49 - (-7 + -27 + 21 + 6)?
-42
Evaluate 5 - ((-42 - -50) + (-1 - 39)).
37
What is the value of (-932 - -937) + (-34 - -1)?
-28
22 + (1 - -1 - -18) + 4397 + -4330
109
Calculate (0 - 73) + (965 - 1002).
-110
Evaluate -2 + (6 - -1) + -52 + (24 - 5 - -47).
19
5 + -3 + 43 + -19 + 8
34
What is the value of (47 + -62 - 76) + 77?
-14
Evaluate -10 - -17 - 5 - ((-4 - -4 - 4) + 60).
-54
(-15 + -45 - -64) + (-13 - 1)
-10
What is the value of (4 - 19) + -28 + (19 - 8) + 2?
-30
What is the value of (36 - 12) + 15 + -78?
-39
(12 + 22 + 0 - -2) + 4
40
(-1 + -3 - -7) + -27 - 28
-52
Calculate 18 - 47 - -120 - (36 + -8).
63
Evaluate -8 + -19 + 12 + -20.
-35
What is the value of -9 + 42 + (-3 - -8) + 9?
47
Evaluate -14 + -40 - -66 - (-2 + 78 + -4).
-60
Evaluate (-1 - 8) + (0 - (-18 - -17)) + -9 + -8.
-25
What is -296 + 262 + (0 - -22) - -24?
12
What is 6 + -2 + 2 + (-138 - -131)?
-1
49 - (116 + -23 - 36)
-8
What is the value of 34 + -10 + 9 - (5 - (-1 + 13 - 9))?
31
Calculate -38 + (43 - -22) - (10 + 0).
17
What is the value of (66 - 133) + 107 + 13?
53
16 + 40 - (126 - 70) - (78 + (-2 - 0))
-76
What is 17 + -4 - ((-3 - 4) + -10 + 14)?
16
(-22 - -64) + 70 - 67
45
6 + -5 - (-22 + (13 - -70))
-60
What is 266 + -220 - (132 + -21)?
-65
What is (-12 - -1) + -1672 + 1723?
40
Calculate 31 + (9 - (54 + 18 - 37)).
5
What is -2 + (-1 - 13) - (8 - (87 + (3 - 202)))?
-136
Evaluate -323 - -309 - (20 + 1).
-35
Evaluate 94 - (-78 + 30 - -102).
40
What is the value of 30 + -73 + -11 + 8 - 5?
-51
Evaluate -9 + (-68 - (-20 - 22)).
-35
What is the value of -9 - (58 + (6 - 4) + (5 - -